rue
Is 574681633 a composite number?
True
Is 29873462537 a prime number?
True
Is 397097317 composite?
True
Is 2200231067 a prime number?
False
Is 9408761963 prime?
True
Is 11500296803 prime?
True
Is 850345007 composite?
False
Is 8746022517 composite?
True
Is 75018000613 a prime number?
True
Is 3517621 composite?
True
Is 16680204793 composite?
True
Is 11244946553 a composite number?
False
Is 1524760151 a prime number?
False
Is 1683503551 a composite number?
False
Is 48697072121 composite?
True
Is 6741197497 composite?
False
Is 13780130159 composite?
False
Is 10557355 composite?
True
Is 180230467117 a prime number?
True
Is 17274830999 a prime number?
True
Is 2660093567 a prime number?
True
Is 1174235107 a prime number?
False
Is 1551370739 composite?
False
Is 1701094393 composite?
False
Is 11752200437 composite?
False
Is 519386509 composite?
True
Is 85611830893 composite?
False
Is 11840010431 composite?
False
Is 243601607 prime?
False
Is 1603766811 a composite number?
True
Is 35669225227 prime?
True
Is 317384909 prime?
False
Is 7365580987 a prime number?
True
Is 29806042753 prime?
True
Is 10313352767 a prime number?
False
Is 19540709 composite?
False
Is 5943114169 a prime number?
True
Is 14293460411 composite?
True
Is 109046663 prime?
False
Is 43759826458 prime?
False
Is 30933994027 a prime number?
True
Is 1139831519 prime?
True
Is 5278307189 a composite number?
True
Is 39451393 a prime number?
True
Is 360938909 a composite number?
True
Is 116070491 composite?
True
Is 109623949 a composite number?
False
Is 45857703259 a prime number?
False
Is 69053684879 prime?
True
Is 7713998153 composite?
False
Is 1883200127 prime?
True
Is 162787529 composite?
True
Is 58335871609 a composite number?
False
Is 9750603053 composite?
False
Is 707476177 a prime number?
True
Is 953787727 a composite number?
True
Is 2246473 a composite number?
True
Is 112957897667 a composite number?
False
Is 1248202957 prime?
True
Is 33966403285 composite?
True
Is 1110320369 composite?
True
Is 2495811167 a composite number?
True
Is 15211992491 prime?
True
Is 286163497 a prime number?
False
Is 1225329449 a composite number?
False
Is 832705541 composite?
False
Is 28703405435 a composite number?
True
Is 487848857 a prime number?
True
Is 45573217 a prime number?
False
Is 607921133 prime?
False
Is 5788692227 a prime number?
True
Is 69065473 composite?
False
Is 208519253 a prime number?
False
Is 89221312951 a composite number?
True
Is 1707843791 composite?
False
Is 25565345781 composite?
True
Is 4143634981 a composite number?
False
Is 37120920227 a composite number?
True
Is 2091741569 a composite number?
False
Is 3837781487 prime?
False
Is 109833907 a composite number?
False
Is 12044339843 prime?
False
Is 4550151037 a composite number?
True
Is 11391280063 prime?
True
Is 21662347727 composite?
False
Is 2087586073 composite?
False
Is 22458887377 composite?
True
Is 1938085333 a prime number?
False
Is 23170337741 composite?
False
Is 54312032563 a composite number?
False
Is 1348907227 a prime number?
False
Is 5336232059 prime?
True
Is 697699199 a prime number?
False
Is 3730633513 prime?
True
Is 343521257 composite?
False
Is 168783331 composite?
True
Is 22316133901 a prime number?
True
Is 17041284989 composite?
False
Is 41759013917 a composite number?
False
Is 1264591651 composite?
False
Is 1938801971 a composite number?
True
Is 5012362687 a prime number?
False
Is 126319365023 composite?
True
Is 154648333607 prime?
True
Is 53951234209 a composite number?
False
Is 911227223 a composite number?
True
Is 30413347343 prime?
False
Is 1823412001 a composite number?
False
Is 18311788927 a composite number?
False
Is 66970522067 a prime number?
False
Is 87066667 a prime number?
False
Is 1982429147 composite?
False
Is 19589372767 prime?
False
Is 61541262389 a prime number?
False
Is 1393432627 a prime number?
False
Is 111637313 a composite number?
False
Is 292128827 composite?
False
Is 160330811393 a composite number?
False
Is 293607894883 composite?
False
Is 81975763 a composite number?
False
Is 86561602135 composite?
True
Is 3610801297 a composite number?
False
Is 7219549223 a composite number?
False
Is 129400303 a composite number?
False
Is 15393957531 a composite number?
True
Is 1830219817 a prime number?
False
Is 20449567337 a composite number?
False
Is 230953507 prime?
True
Is 307694828789 prime?
False
Is 2977364281 composite?
True
Is 13485917293 prime?
True
Is 2898741661 composite?
True
Is 19424113603 composite?
False
Is 4413513179 composite?
True
Is 31509837439 a composite number?
True
Is 1756913231 a prime number?
True
Is 6694083779 a composite number?
False
Is 121001868013 a prime number?
False
Is 1420897579 a prime number?
True
Is 1608274163 a composite number?
True
Is 15480363503 composite?
True
Is 15375897319 a prime number?
True
Is 1520423161 composite?
True
Is 72134633 prime?
True
Is 8540855171 a prime number?
False
Is 4618796069 a composite number?
False
Is 1351185049 prime?
True
Is 8680672619 a composite number?
False
Is 12658505917 a prime number?
False
Is 315685451 a composite number?
False
Is 200252009 a composite number?
False
Is 1687123093 prime?
True
Is 1377652127 prime?
False
Is 2660023199 a composite number?
True
Is 12797844289 prime?
False
Is 9878402711 a composite number?
False
Is 146551403 prime?
False
Is 1641217 a composite number?
False
Is 12651013 prime?
False
Is 58326313235 a composite number?
True
Is 3165397459 a composite number?
True
Is 29856004127 prime?
False
Is 16167829571 a prime number?
False
Is 209956867 composite?
True
Is 37078623163 a composite number?
False
Is 227759009 a composite number?
False
Is 886905974 composite?
True
Is 18061126747 prime?
True
Is 17138437709 a composite number?
True
Is 12173196859 a composite number?
False
Is 184239089 a composite number?
False
Is 2609059331 prime?
False
Is 390884941 a prime number?
False
Is 2335782457 composite?
True
Is 12270633971 prime?
True
Is 2370409669 a composite number?
True
Is 2799261893 a prime number?
True
Is 1830946433 prime?
True
Is 112244009561 composite?
False
Is 18232471837 prime?
True
Is 48551574137 a composite number?
True
Is 1172142571 composite?
True
Is 5681085011 a prime number?
False
Is 5102491909 prime?
True
Is 2066850433 composite?
False
Is 10049727557 a prime number?
True
Is 6673071089 a composite number?
False
Is 11035889861 prime?
False
Is 288626241361 a composite number?
False
Is 673333071 a composite number?
True
Is 3644574967 a composite number?
True
Is 33820977119 a prime number?
True
Is 405531063227 a composite number?
False
Is 1095822731 a prime number?
False
Is 55039043663 composite?
False
Is 1542707851 composite?
False
Is 885121117 composite?
True
Is 25030149329 composite?
False
Is 388571098963 a prime number?
True
Is 3016348117 composite?
False
Is 96950775199 composite?
False
Is 5089737291 a composite number?
True
Is 986814067 a prime number?
True
Is 1361806627 composite?
True
Is 519435467 a composite number?
True
Is 704352347 composite?
True
Is 363842783 a composite number?
True
Is 4959492289 composite?
True
Is 4955505379 a composite number?
True
Is 54802650089 a composite number?
True
Is 411394337 prime?
False
Is 206527933 prime?
False
Is 28506973483 a composite number?
False
Is 199607642893 a prime number?
False
Is 3506913419 prime?
True
Is 11871481821 composite?
True
Is 224172333201 prime?
False
Is 1562134283 composite?
False
Is 1925319553 composite?
False
Is 679559197 a composite number?
False
Is 2697311917 a composite number?
False
Is 229986067 composite?
True
Is 7574911117 a composite number?
True
Is 3153265229 a composite number?
False
Is 1311211399 a composite number?
False
Is 92768653 a composite number?
False
Is 23813581669 a prime number?
True
Is 884558711 a prime number?
False
Is 7002150641 a composite number?
False
Is 1583206631 a composite number?
False
Is 278801249 composite?
False
Is 21241803083 a prime number?
True
Is 2727856843 composite?
True
Is 8357372971 a composite number?
False
Is 18800720591 composite?
False
Is 14474776621 a prime number?
True
Is 22342517567 a composite number?
False
Is 17484625889 a composite number?
True
Is 288123119169 composite?
True
Is 58158451829 prime?
True
Is 50131984127 a composite number?
True
Is 112298595067 a prime number?
True
Is